
What is the ten thousands digit of 15844022?
4
What is the ten thousands digit of 2666146?
6
What is the units digit of 209041?
1
What is the ten thousands digit of 3344363?
4
What is the units digit of 13618564?
4
What is the tens digit of 15121437?
3
What is the units digit of 99166?
6
What is the millions digit of 5619169?
5
What is the hundred thousands digit of 654781?
6
What is the hundreds digit of 689500?
5
What is the ten thousands digit of 829570?
2
What is the hundred thousands digit of 317609?
3
What is the units digit of 6370616?
6
What is the tens digit of 197269?
6
What is the hundreds digit of 538963?
9
What is the units digit of 103004?
4
What is the hundred thousands digit of 343266?
3
What is the thousands digit of 5162858?
2
What is the hundred thousands digit of 9070237?
0
What is the tens digit of 41752?
5
What is the hundreds digit of 6892489?
4
What is the millions digit of 1414469?
1
What is the hundreds digit of 743671?
6
What is the units digit of 954056?
6
What is the units digit of 26709179?
9
What is the units digit of 1660177?
7
What is the ten thousands digit of 12649623?
4
What is the ten millions digit of 21833852?
2
What is the hundred thousands digit of 7029100?
0
What is the units digit of 11029842?
2
What is the ten thousands digit of 687435?
8
What is the thousands digit of 1590885?
0
What is the hundreds digit of 1502218?
2
What is the millions digit of 6220698?
6
What is the units digit of 6197190?
0
What is the hundreds digit of 9616274?
2
What is the thousands digit of 826707?
6
What is the hundred thousands digit of 16272901?
2
What is the millions digit of 29829207?
9
What is the ten thousands digit of 287229?
8
What is the thousands digit of 1613389?
3
What is the ten thousands digit of 279740?
7
What is the thousands digit of 786415?
6
What is the tens digit of 225020?
2
What is the millions digit of 3847064?
3
What is the millions digit of 6169344?
6
What is the millions digit of 2926558?
2
What is the tens digit of 4917608?
0
What is the tens digit of 309029?
2
What is the hundred thousands digit of 688402?
6
What is the ten thousands digit of 12673876?
7
What is the thousands digit of 5751708?
1
What is the ten thousands digit of 3768720?
6
What is the thousands digit of 280984?
0
What is the thousands digit of 2436653?
6
What is the tens digit of 1252278?
7
What is the ten thousands digit of 8131636?
3
What is the thousands digit of 99945?
9
What is the thousands digit of 1523938?
3
What is the millions digit of 4915217?
4
What is the hundred thousands digit of 5623961?
6
What is the tens digit of 595945?
4
What is the tens digit of 1018520?
2
What is the units digit of 282861?
1
What is the millions digit of 2520762?
2
What is the units digit of 4774788?
8
What is the units digit of 1236344?
4
What is the ten thousands digit of 118082?
1
What is the tens digit of 470860?
6
What is the hundreds digit of 9639328?
3
What is the tens digit of 37862?
6
What is the tens digit of 647295?
9
What is the units digit of 430850?
0
What is the ten thousands digit of 173046?
7
What is the hundreds digit of 362982?
9
What is the tens digit of 637496?
9
What is the hundred thousands digit of 178595?
1
What is the millions digit of 3481901?
3
What is the thousands digit of 495552?
5
What is the thousands digit of 2130101?
0
What is the ten millions digit of 22306196?
2
What is the hundreds digit of 332176?
1
What is the units digit of 7681117?
7
What is the hundred thousands digit of 5906714?
9
What is the units digit of 206116?
6
What is the ten thousands digit of 123562?
2
What is the ten thousands digit of 350229?
5
What is the units digit of 1212015?
5
What is the thousands digit of 5011873?
1
What is the hundreds digit of 123386?
3
What is the thousands digit of 255370?
5
What is the hundreds digit of 31065?
0
What is the units digit of 1619477?
7
What is the hundred thousands digit of 4353494?
3
What is the tens digit of 4562726?
2
What is the ten millions digit of 15083625?
1
What is the ten thousands digit of 469232?
6
What is the tens digit of 1886598?
9
What is the ten thousands digit of 365068?
6
What is the units digit of 710153?
3
What is the tens digit of 754333?
3
What is the millions digit of 7755663?
7
What is the ten thousands digit of 663057?
6
What is the ten thousands digit of 2927411?
2
What is the ten thousands digit of 409138?
0
What is the ten thousands digit of 46487?
4
What is the hundred thousands digit of 3403991?
4
What is the tens digit of 181615?
1
What is the ten thousands digit of 6012012?
1
What is the tens digit of 1200497?
9
What is the units digit of 360484?
4
What is the hundreds digit of 21243439?
4
What is the thousands digit of 1023299?
3
What is the thousands digit of 44452?
4
What is the millions digit of 1477503?
1
What is the units digit of 372291?
1
What is the hundreds digit of 3870978?
9
What is the tens digit of 246448?
4
What is the hundred thousands digit of 356144?
3
What is the thousands digit of 2151089?
1
What is the hundreds digit of 667610?
6
What is the hundreds digit of 443113?
1
What is the units digit of 336892?
2
What is the units digit of 156281?
1
What is the hundreds digit of 43372586?
5
What is the ten thousands digit of 15566701?
6
What is the tens digit of 217222?
2
What is the units digit of 42202?
2
What is the ten thousands digit of 635703?
3
What is the hundreds digit of 1360315?
3
What is the hundreds digit of 6076251?
2
What is the units digit of 279300?
0
What is the hundreds digit of 400923?
9
What is the thousands digit of 581309?
1
What is the tens digit of 162413?
1
What is the thousands digit of 48729?
8
What is the hundred thousands digit of 703392?
7
What is the thousands digit of 1433177?
3
What is the units digit of 11537726?
6
What is the ten thousands digit of 400256?
0
What is the tens digit of 13616421?
2
What is the ten thousands digit of 1367302?
6
What is the units digit of 119217?
7
What is the units digit of 582689?
9
What is the units digit of 4363434?
4
What is the hundreds digit of 1199205?
2
What is the tens digit of 4669306?
0
What is the hundred thousands digit of 39539839?
5
What is the hundreds digit of 8076076?
0
What is the units digit of 706044?
4
What is the hundred thousands digit of 236937?
2
What is the millions digit of 6373701?
6
What is the thousands digit of 7873247?
3
What is the ten thousands digit of 234044?
3
What is the thousands digit of 43284674?
4
What is the units digit of 11800172?
2
What is the ten thousands digit of 9344971?
4
What is the hundreds digit of 2430678?
6
What is the millions digit of 1332948?
1
What is the millions digit of 6232301?
6
What is the thousands digit of 361584?
1
What is the ten thousands digit of 3789997?
8
What is the units digit of 2430408?
8
What is the hundred thousands digit of 14675023?
6
What is the hundreds digit of 200183?
1
What is the ten thousands digit of 832194?
3
What is the hundreds digit of 62119?
1
What is the hundreds digit of 208599?
5
What is the tens digit of 3119428?
2
What is the units digit of 412511?
1
What is the tens digit of 210937?
3
What is the units digit of 9510671?
1
What is the hundreds digit of 393846?
8
What is the tens digit of 278530?
3
What is the millions digit of 1836698?
1
What is the tens digit of 878490?
9
What is the units digit of 418488?
8
What is the hundreds digit of 12318672?
6
What is the hundred thousands digit of 12102280?
1
What is the hundred thousands digit of 32046707?
0
What is the hundred thousands digit of 4146439?
1
What is the hundreds digit of 2485705?
7
What is the units digit of 5068124?
4
What is the thousands digit of 2903761?
3
What is the tens digit of 1207114?
1
What is the ten thousands digit of 4148998?
4
What is the hundreds digit of 85530?
5
What is the tens digit of 69733?
3
What is the thousands digit of 346789?
6
What is the ten thousands digit of 577625?
7
What is the units digit of 693891?
1
What is the thousands digit of 876765?
6
What is the millions digit of 14902666?
4
What is the ten thousands digit of 11774104?
7
What is the hundreds digit of 16749349?
3
What is the ten millions digit of 23851136?
2
What is the hundreds digit of 13636234?
2
What is the hundred thousands 